{"id":27,"date":"2015-04-22T10:27:58","date_gmt":"2015-04-22T10:27:58","guid":{"rendered":"http:\/\/www.heizungen-klima-sanitaer.com\/?page_id=27"},"modified":"2016-06-19T12:59:45","modified_gmt":"2016-06-19T12:59:45","slug":"planung","status":"publish","type":"page","link":"https:\/\/heizungen-klima-sanitaer.de\/page\/planung\/","title":{"rendered":"Planung &#038; Beratung: Heizung-Klima-Sanit\u00e4r-Solar"},"content":{"rendered":"<div id='gallery-1' class='gallery galleryid-27 gallery-columns-2 gallery-size-medium'><dl class='gallery-item'>\n\t\t\t<dt class='gallery-icon landscape'>\n\t\t\t\t<a href='https:\/\/heizungen-klima-sanitaer.de\/page\/wp-content\/uploads\/planung\/1-planung-archtekt.jpg'><img loading=\"lazy\" decoding=\"async\" width=\"300\" height=\"225\" src=\"https:\/\/heizungen-klima-sanitaer.de\/page\/wp-content\/uploads\/planung\/1-planung-archtekt-300x225.jpg\" class=\"attachment-medium size-medium\" alt=\"Planung - Baubesrpechung Roland Seitz mit Andreas Kothe, Architekt Luxcon Properties S.L.\" aria-describedby=\"gallery-1-228\" srcset=\"https:\/\/heizungen-klima-sanitaer.de\/page\/wp-content\/uploads\/planung\/1-planung-archtekt-300x225.jpg 300w, https:\/\/heizungen-klima-sanitaer.de\/page\/wp-content\/uploads\/planung\/1-planung-archtekt-45x35.jpg 45w, https:\/\/heizungen-klima-sanitaer.de\/page\/wp-content\/uploads\/planung\/1-planung-archtekt.jpg 800w\" sizes=\"auto, (max-width: 300px) 100vw, 300px\" \/><\/a>\n\t\t\t<\/dt>\n\t\t\t\t<dd class='wp-caption-text gallery-caption' id='gallery-1-228'>\n\t\t\t\t&#8220;Baubesrpechung Roland Seitz mit Andreas Kothe, Architekt Luxcon Properties S.L.&#8221;\n\t\t\t\t<\/dd><\/dl><dl class='gallery-item'>\n\t\t\t<dt class='gallery-icon landscape'>\n\t\t\t\t<a href='https:\/\/heizungen-klima-sanitaer.de\/page\/wp-content\/uploads\/planung\/2-planung-archtekt.jpg'><img loading=\"lazy\" decoding=\"async\" width=\"300\" height=\"225\" src=\"https:\/\/heizungen-klima-sanitaer.de\/page\/wp-content\/uploads\/planung\/2-planung-archtekt-300x225.jpg\" class=\"attachment-medium size-medium\" alt=\"Beratung - Baubesrpechung Roland Seitz mit Andreas Kothe, Architekt Luxcon Properties S.L.\" aria-describedby=\"gallery-1-242\" srcset=\"https:\/\/heizungen-klima-sanitaer.de\/page\/wp-content\/uploads\/planung\/2-planung-archtekt-300x225.jpg 300w, https:\/\/heizungen-klima-sanitaer.de\/page\/wp-content\/uploads\/planung\/2-planung-archtekt-45x35.jpg 45w, https:\/\/heizungen-klima-sanitaer.de\/page\/wp-content\/uploads\/planung\/2-planung-archtekt.jpg 800w\" sizes=\"auto, (max-width: 300px) 100vw, 300px\" \/><\/a>\n\t\t\t<\/dt>\n\t\t\t\t<dd class='wp-caption-text gallery-caption' id='gallery-1-242'>\n\t\t\t\t&#8220;Beratung Roland Seitz mit Andreas Kothe, Architekt Luxcon Properties S.L.&#8221;\n\t\t\t\t<\/dd><\/dl><br style=\"clear: both\" \/>\n\t\t<\/div>\n\n<div class=\"mom_hr mom_hr_square mom_hr_ mom_hr_medium\" style=\"margin-top:5px;margin-bottom:15px;\"><span class=\"mom_inner_hr\"><i><\/i><\/span><\/div>\n<h4><span class=\"dropcap _dc\" style=\"color:#b44242;\">P<\/span><em><span style=\"color: #b44242;\">lanung und Beratung <\/span><\/em>&#8211; wir sind immer f\u00fcr Sie erreichbar, so dass Fragen m\u00f6glichst schnell gekl\u00e4rt werden k\u00f6nnen.<\/h4>\n<div class=\"mom_hr mom_hr_square mom_hr_ mom_hr_medium\" style=\"margin-top:15px;margin-bottom:15px;\"><span class=\"mom_inner_hr\"><i><\/i><\/span><\/div>\n<blockquote class=\"mom_quote \" style=\"font-family:;border-left-color:#b44242; \"><\/p>\n<p>Wir planen nach Ihren Angaben oder mit Ihnen zusammen individuell alles f\u00fcr die Bereiche <a href=\"https:\/\/heizungen-klima-sanitaer.de\/page\/de\/heizung\/\">Heizung<\/a>, <a href=\"https:\/\/heizungen-klima-sanitaer.de\/page\/de\/klima\/\">Klima<\/a>, <a href=\"https:\/\/heizungen-klima-sanitaer.de\/page\/de\/sanitar\/\">Sanit\u00e4r<\/a> und <a href=\"https:\/\/heizungen-klima-sanitaer.de\/page\/de\/solaranlagen\/\">Solar<\/a>.<\/p>\n<p><\/blockquote>\n<div class=\"mom_hr mom_hr_square mom_hr_ mom_hr_medium\" style=\"margin-top:15px;margin-bottom:15px;\"><span class=\"mom_inner_hr\"><i><\/i><\/span><\/div>\n<blockquote class=\"mom_quote \" style=\"font-family:;border-left-color:#023f5e; \"><\/p>\n<p>Auf Wunsch besuchen wir mit Ihnen zusammen Ausstellungen, damit Sie einen Eindruck von den M\u00f6glichkeiten bekommen.<\/p>\n<p><\/blockquote>\n<div class=\"mom_hr mom_hr_square mom_hr_ mom_hr_medium\" style=\"margin-top:15px;margin-bottom:15px;\"><span class=\"mom_inner_hr\"><i><\/i><\/span><\/div>\n<blockquote class=\"mom_quote \" style=\"font-family:;border-left-color:#b44242; \"><\/p>\n<p>An der Planung sind namhafte Hersteller beteiligt, die uns in allen Bereichen unterst\u00fctzen.<\/p>\n<p><\/blockquote>\n<div class=\"mom_hr mom_hr_square mom_hr_ mom_hr_medium\" style=\"margin-top:15px;margin-bottom:15px;\"><span class=\"mom_inner_hr\"><i><\/i><\/span><\/div>\n<blockquote class=\"mom_quote \" style=\"font-family:;border-left-color:#023f5e; \"><\/p>\n<p>Das Besprechen der Baustelle mit Architekten und Baufirma hat bei uns h\u00f6chste Priorit\u00e4t, und ist unerl\u00e4sslich.<\/p>\n<p><\/blockquote>\n<div class=\"mom_hr mom_hr_square mom_hr_ mom_hr_medium\" style=\"margin-top:15px;margin-bottom:15px;\"><span class=\"mom_inner_hr\"><i><\/i><\/span><\/div>\n<blockquote class=\"mom_quote \" style=\"font-family:;border-left-color:#b44242; \"><\/p>\n<p>Die Arbeiten auf Ihrer Baustelle m\u00fcssen auf\u00a0einander abgestimmt sein, um Verz\u00f6gerungen zu vermeiden.<\/p>\n<p><\/blockquote>\n<div class=\"clear\" style=\"height:20px;\"><\/div>\n<h3><span style=\"font-size: 15px; color: #993300;\"><span style=\"color: #333300;\"><span class=\"mom_icona iconb_wrap \"style=\"\"><i class=\"momizat-icon-checkbox-checked mom_icon\" style=\"font-size:16px; color:;\"><\/i><\/span> <\/span>Begutachtungen:<\/span><\/h3>\n<blockquote class=\"mom_quote \" style=\"font-family:;font-size:15px;border-left-color:#023f5e; \"><\/p>\n<p>Immobilien kaufen kann auf Mallorca ein Erlebnis mit vielen \u00dcberraschungen sein. Diese k\u00f6nnen unter Umst\u00e4nden sehr teuer werden.<\/p>\n<div class=\"mom_hr mom_hr_square mom_hr_ mom_hr_medium\" style=\"margin-top:15px;margin-bottom:15px;\"><span class=\"mom_inner_hr\"><i><\/i><\/span><\/div>\n<p>Um M\u00e4ngel zu erkennen und rechtzeitig bei den anfallenden Kosten zu ber\u00fccksichtigen, sollte man darauf aufmerksam gemacht werden.<\/p>\n<p><\/blockquote>\n<div class=\"clear\" style=\"height:20px;\"><\/div>\n<blockquote class=\"mom_quote \" style=\"font-family:;border-left-color:#b44242; \"><\/p>\n<p>Dies wird wohl kein Verk\u00e4ufer tun ohne sich selbst zu schaden.\u00a0Aus diesem Grund biete ich Ihnen an, die Heizung- bzw. Sanit\u00e4ranlage zu begutachten.<\/p>\n<div class=\"mom_hr mom_hr_square mom_hr_ mom_hr_medium\" style=\"margin-top:15px;margin-bottom:15px;\"><span class=\"mom_inner_hr\"><i><\/i><\/span><\/div>\n<p>Hierbei werden M\u00e4ngel festgehalten und Kosten errechnet, welche bei Beseitigung entstehen werden.<\/p>\n<p><\/blockquote>\n<div class=\"clear\" style=\"height:20px;\"><\/div>\n","protected":false},"excerpt":{"rendered":"<p>lanung und Beratung &#8211; wir sind immer f\u00fcr Sie erreichbar, so dass Fragen m\u00f6glichst schnell gekl\u00e4rt werden k\u00f6nnen. Begutachtungen:<\/p>\n","protected":false},"author":2,"featured_media":0,"parent":0,"menu_order":10,"comment_status":"closed","ping_status":"closed","template":"","meta":{"footnotes":""},"class_list":["post-27","page","type-page","status-publish"],"_links":{"self":[{"href":"https:\/\/heizungen-klima-sanitaer.de\/page\/wp-json\/wp\/v2\/pages\/27","targetHints":{"allow":["GET"]}}],"collection":[{"href":"https:\/\/heizungen-klima-sanitaer.de\/page\/wp-json\/wp\/v2\/pages"}],"about":[{"href":"https:\/\/heizungen-klima-sanitaer.de\/page\/wp-json\/wp\/v2\/types\/page"}],"author":[{"embeddable":true,"href":"https:\/\/heizungen-klima-sanitaer.de\/page\/wp-json\/wp\/v2\/users\/2"}],"replies":[{"embeddable":true,"href":"https:\/\/heizungen-klima-sanitaer.de\/page\/wp-json\/wp\/v2\/comments?post=27"}],"version-history":[{"count":0,"href":"https:\/\/heizungen-klima-sanitaer.de\/page\/wp-json\/wp\/v2\/pages\/27\/revisions"}],"wp:attachment":[{"href":"https:\/\/heizungen-klima-sanitaer.de\/page\/wp-json\/wp\/v2\/media?parent=27"}],"curies":[{"name":"wp","href":"https:\/\/api.w.org\/{rel}","templated":true}]}}

Planung &#038; Beratung: Heizung-Klima-Sanitär-Solar

<div id='gallery-1' class='gallery galleryid-27 gallery-columns-2 gallery-size-medium'><dl class='gallery-item'>
			<dt class='gallery-icon landscape'>
				<a href='https://heizungen-klima-sanitaer.de/page/wp-content/uploads/planung/1-planung-archtekt.jpg'><img loading="lazy" decoding="async" width="300" height="225" src="https://heizungen-klima-sanitaer.de/page/wp-content/uploads/planung/1-planung-archtekt-300x225.jpg" class="attachment-medium size-medium" alt="Planung - Baubesrpechung Roland Seitz mit Andreas Kothe, Architekt Luxcon Properties S.L." aria-describedby="gallery-1-228" srcset="https://heizungen-klima-sanitaer.de/page/wp-content/uploads/planung/1-planung-archtekt-300x225.jpg 300w, https://heizungen-klima-sanitaer.de/page/wp-content/uploads/planung/1-planung-archtekt-45x35.jpg 45w, https://heizungen-klima-sanitaer.de/page/wp-content/uploads/planung/1-planung-archtekt.jpg 800w" sizes="auto, (max-width: 300px) 100vw, 300px" /></a>
			</dt>
				<dd class='wp-caption-text gallery-caption' id='gallery-1-228'>
				&#8220;Baubesrpechung Roland Seitz mit Andreas Kothe, Architekt Luxcon Properties S.L.&#8221;
				</dd></dl><dl class='gallery-item'>
			<dt class='gallery-icon landscape'>
				<a href='https://heizungen-klima-sanitaer.de/page/wp-content/uploads/planung/2-planung-archtekt.jpg'><img loading="lazy" decoding="async" width="300" height="225" src="https://heizungen-klima-sanitaer.de/page/wp-content/uploads/planung/2-planung-archtekt-300x225.jpg" class="attachment-medium size-medium" alt="Beratung - Baubesrpechung Roland Seitz mit Andreas Kothe, Architekt Luxcon Properties S.L." aria-describedby="gallery-1-242" srcset="https://heizungen-klima-sanitaer.de/page/wp-content/uploads/planung/2-planung-archtekt-300x225.jpg 300w, https://heizungen-klima-sanitaer.de/page/wp-content/uploads/planung/2-planung-archtekt-45x35.jpg 45w, https://heizungen-klima-sanitaer.de/page/wp-content/uploads/planung/2-planung-archtekt.jpg 800w" sizes="auto, (max-width: 300px) 100vw, 300px" /></a>
			</dt>
				<dd class='wp-caption-text gallery-caption' id='gallery-1-242'>
				&#8220;Beratung Roland Seitz mit Andreas Kothe, Architekt Luxcon Properties S.L.&#8221;
				</dd></dl><br style="clear: both" />
		</div>

<div class="mom_hr mom_hr_square mom_hr_ mom_hr_medium" style="margin-top:5px;margin-bottom:15px;"><span class="mom_inner_hr"><i></i></span></div>
<h4><span class="dropcap _dc" style="color:#b44242;">P</span><em><span style="color: #b44242;">lanung und Beratung </span></em>&#8211; wir sind immer für Sie erreichbar, so dass Fragen möglichst schnell geklärt werden können.</h4>
<div class="mom_hr mom_hr_square mom_hr_ mom_hr_medium" style="margin-top:15px;margin-bottom:15px;"><span class="mom_inner_hr"><i></i></span></div>
<blockquote class="mom_quote " style="font-family:;border-left-color:#b44242; "></p>
<p>Wir planen nach Ihren Angaben oder mit Ihnen zusammen individuell alles für die Bereiche <a href="https://heizungen-klima-sanitaer.de/page/de/heizung/">Heizung</a>, <a href="https://heizungen-klima-sanitaer.de/page/de/klima/">Klima</a>, <a href="https://heizungen-klima-sanitaer.de/page/de/sanitar/">Sanitär</a> und <a href="https://heizungen-klima-sanitaer.de/page/de/solaranlagen/">Solar</a>.</p>
<p></blockquote>
<div class="mom_hr mom_hr_square mom_hr_ mom_hr_medium" style="margin-top:15px;margin-bottom:15px;"><span class="mom_inner_hr"><i></i></span></div>
<blockquote class="mom_quote " style="font-family:;border-left-color:#023f5e; "></p>
<p>Auf Wunsch besuchen wir mit Ihnen zusammen Ausstellungen, damit Sie einen Eindruck von den Möglichkeiten bekommen.</p>
<p></blockquote>
<div class="mom_hr mom_hr_square mom_hr_ mom_hr_medium" style="margin-top:15px;margin-bottom:15px;"><span class="mom_inner_hr"><i></i></span></div>
<blockquote class="mom_quote " style="font-family:;border-left-color:#b44242; "></p>
<p>An der Planung sind namhafte Hersteller beteiligt, die uns in allen Bereichen unterstützen.</p>
<p></blockquote>
<div class="mom_hr mom_hr_square mom_hr_ mom_hr_medium" style="margin-top:15px;margin-bottom:15px;"><span class="mom_inner_hr"><i></i></span></div>
<blockquote class="mom_quote " style="font-family:;border-left-color:#023f5e; "></p>
<p>Das Besprechen der Baustelle mit Architekten und Baufirma hat bei uns höchste Priorität, und ist unerlässlich.</p>
<p></blockquote>
<div class="mom_hr mom_hr_square mom_hr_ mom_hr_medium" style="margin-top:15px;margin-bottom:15px;"><span class="mom_inner_hr"><i></i></span></div>
<blockquote class="mom_quote " style="font-family:;border-left-color:#b44242; "></p>
<p>Die Arbeiten auf Ihrer Baustelle müssen auf einander abgestimmt sein, um Verzögerungen zu vermeiden.</p>
<p></blockquote>
<div class="clear" style="height:20px;"></div>
<h3><span style="font-size: 15px; color: #993300;"><span style="color: #333300;"><span class="mom_icona iconb_wrap "style=""><i class="momizat-icon-checkbox-checked mom_icon" style="font-size:16px; color:;"></i></span> </span>Begutachtungen:</span></h3>
<blockquote class="mom_quote " style="font-family:;font-size:15px;border-left-color:#023f5e; "></p>
<p>Immobilien kaufen kann auf Mallorca ein Erlebnis mit vielen Überraschungen sein. Diese können unter Umständen sehr teuer werden.</p>
<div class="mom_hr mom_hr_square mom_hr_ mom_hr_medium" style="margin-top:15px;margin-bottom:15px;"><span class="mom_inner_hr"><i></i></span></div>
<p>Um Mängel zu erkennen und rechtzeitig bei den anfallenden Kosten zu berücksichtigen, sollte man darauf aufmerksam gemacht werden.</p>
<p></blockquote>
<div class="clear" style="height:20px;"></div>
<blockquote class="mom_quote " style="font-family:;border-left-color:#b44242; "></p>
<p>Dies wird wohl kein Verkäufer tun ohne sich selbst zu schaden. Aus diesem Grund biete ich Ihnen an, die Heizung- bzw. Sanitäranlage zu begutachten.</p>
<div class="mom_hr mom_hr_square mom_hr_ mom_hr_medium" style="margin-top:15px;margin-bottom:15px;"><span class="mom_inner_hr"><i></i></span></div>
<p>Hierbei werden Mängel festgehalten und Kosten errechnet, welche bei Beseitigung entstehen werden.</p>
<p></blockquote>
<div class="clear" style="height:20px;"></div>

<p>lanung und Beratung &#8211; wir sind immer für Sie erreichbar, so dass Fragen möglichst schnell geklärt werden können. Begutachtungen:</p>
