{"id":18,"date":"2015-04-22T10:25:20","date_gmt":"2015-04-22T10:25:20","guid":{"rendered":"http:\/\/www.heizungen-klima-sanitaer.com\/?page_id=18"},"modified":"2016-06-19T13:19:29","modified_gmt":"2016-06-19T13:19:29","slug":"klimaanlagen","status":"publish","type":"page","link":"https:\/\/heizungen-klima-sanitaer.de\/page\/klimaanlagen\/","title":{"rendered":"Klimaanlagen &#038; Ger\u00e4te f\u00fcr Boden, Wand und Decke"},"content":{"rendered":"<p><a href=\"https:\/\/heizungen-klima-sanitaer.de\/page\/wp-content\/uploads\/klima\/klimaanlage.jpg\"><img loading=\"lazy\" decoding=\"async\" class=\"aligncenter wp-image-492\" src=\"https:\/\/heizungen-klima-sanitaer.de\/page\/wp-content\/uploads\/klima\/klimaanlage.jpg\" alt=\"klimaanlage\" width=\"562\" height=\"200\" srcset=\"https:\/\/heizungen-klima-sanitaer.de\/page\/wp-content\/uploads\/klima\/klimaanlage.jpg 702w, https:\/\/heizungen-klima-sanitaer.de\/page\/wp-content\/uploads\/klima\/klimaanlage-300x107.jpg 300w\" sizes=\"auto, (max-width: 562px) 100vw, 562px\" \/><\/a><\/p>\n<div class=\"mom_hr mom_hr_square mom_hr_ mom_hr_medium\" style=\"margin-top:5px;margin-bottom:15px;\"><span class=\"mom_inner_hr\"><i><\/i><\/span><\/div>\n<h4><span class=\"dropcap _dc\" style=\"color:#b44242;\">K<\/span><em><span style=\"color: #b44242;\">limaanlagen und Klimatechnik<\/span>\u00a0\u2013 <\/em><span style=\"font-size: 14px;\">Klimager\u00e4te f\u00fcr Boden, Wand und Decke &#8211; damit der\u00a0Sommer ertr\u00e4glich wird!<\/span><\/h4>\n<div class=\"clear\" style=\"height:10px;\"><\/div>\n<blockquote><p><span style=\"color: #333300;\">Klimaanlagen schaffen ein gesundes Raumklima.Gerade in den hiesigen Breiten erreichen die sommerlichen Temperaturen ein Ausma\u00df, welches\u00a0Arbeiten, Wohnen und Schlafen zur Herausforderung machen kann.<\/span><\/p><\/blockquote>\n<div class=\"clear\" style=\"height:10px;\"><\/div>\n<blockquote><p><span style=\"color: #333300;\">Faktoren wie Raumtemperatur, Luftfeuchtigkeit, Temperaturen der Aussenfl\u00e4chen, Luftbewegung und Luftreinheit beeinflussen das Raumklima. Vor allen Dingen die Luftfeuchtigkeit spielt hierbei eine gro\u00dfe Rolle.Temperaturen ab 25 Grad und einer Luftfeuchtigkeit von 60 bis 70 Prozent empfinden viele Menschen die Luft als unangenehm schw\u00fcl.<\/span><\/p><\/blockquote>\n<div class=\"clear\" style=\"height:10px;\"><\/div>\n<h3><span style=\"font-size: 15px; color: #993300;\"><span style=\"color: #333300;\"><span class=\"mom_icona iconb_wrap \"style=\"\"><i class=\"momizat-icon-checkbox-checked mom_icon\" style=\"font-size:16px; color:;\"><\/i><\/span> Hierf\u00fcr bieten wir<\/span> <span style=\"color: #b44242;\"><strong>verschiedene Systeme<\/strong>\u00a0<\/span><span style=\"color: #333300;\">an:<\/span><\/span><\/h3>\n<blockquote class=\"mom_quote \" style=\"font-family:;font-size:15px;border-left-color:#b44242; \"><\/p>\n<p><strong>Fan-Coils zur K\u00fchlung, Heizung und Entfeuchtung des Geb\u00e4udes mittels W\u00e4rmepumpe.<\/strong><\/p>\n<div class=\"mom_hr mom_hr_square mom_hr_ mom_hr_medium\" style=\"margin-top:10px;margin-bottom:10px;\"><span class=\"mom_inner_hr\"><i><\/i><\/span><\/div>\n<p><em><strong>MULTI-SPLIT-GER\u00c4TE, ZUM HEIZEN UND K\u00dcHLEN<\/strong><\/em><\/p>\n<div class=\"clear\" style=\"height:15px;\"><\/div>\n<p><strong><em>SINGLE-SPLIT-GER\u00c4TE:<\/em><\/strong><\/p>\n<div class=\"clear\" style=\"height:10px;\"><\/div>\n<p>\u2022 Kanaleinbauger\u00e4te,\u00a0\u2022\u00a0Deckenkassetten,\u00a0\u2022\u00a0Truhenger\u00e4te,\u00a0\u2022\u00a0Wandger\u00e4te<\/p>\n<p><\/blockquote>\n<div class=\"clear\" style=\"height:15px;\"><\/div>\n<h3><span style=\"font-size: 15px; color: #993300;\"><span style=\"color: #333300;\"><span class=\"mom_icona iconb_wrap \"style=\"\"><i class=\"momizat-icon-checkbox-checked mom_icon\" style=\"font-size:16px; color:;\"><\/i><\/span> Hierf\u00fcr<\/span>\u00a0<span style=\"color: #b44242;\"><strong>arbeiten wir zusammen<\/strong>\u00a0<\/span><span style=\"color: #333300;\">mit:<\/span><\/span><\/h3>\n<div id='gallery-1' class='gallery galleryid-18 gallery-columns-3 gallery-size-medium'><dl class='gallery-item'>\n\t\t\t<dt class='gallery-icon landscape'>\n\t\t\t\t<img loading=\"lazy\" decoding=\"async\" width=\"141\" height=\"90\" src=\"https:\/\/heizungen-klima-sanitaer.de\/page\/wp-content\/uploads\/partners\/bes_logo.jpg\" class=\"attachment-medium size-medium\" alt=\"Bes logo. Klimaanlagen Mallorca\" srcset=\"https:\/\/heizungen-klima-sanitaer.de\/page\/wp-content\/uploads\/partners\/bes_logo.jpg 141w, https:\/\/heizungen-klima-sanitaer.de\/page\/wp-content\/uploads\/partners\/bes_logo-120x76.jpg 120w\" sizes=\"auto, (max-width: 141px) 100vw, 141px\" \/>\n\t\t\t<\/dt><\/dl><dl class='gallery-item'>\n\t\t\t<dt class='gallery-icon landscape'>\n\t\t\t\t<img loading=\"lazy\" decoding=\"async\" width=\"250\" height=\"80\" src=\"https:\/\/heizungen-klima-sanitaer.de\/page\/wp-content\/uploads\/partners\/mitsubishi-logo.png\" class=\"attachment-medium size-medium\" alt=\"Mitsubishi logo. Klimaanlagen Mallorca\" \/>\n\t\t\t<\/dt><\/dl><dl class='gallery-item'>\n\t\t\t<dt class='gallery-icon landscape'>\n\t\t\t\t<img loading=\"lazy\" decoding=\"async\" width=\"180\" height=\"96\" src=\"https:\/\/heizungen-klima-sanitaer.de\/page\/wp-content\/uploads\/partners\/logo-lg.png\" class=\"attachment-medium size-medium\" alt=\"LG logo. Klimaanlagen auf Mallorca\" \/>\n\t\t\t<\/dt><\/dl><br style=\"clear: both\" \/><dl class='gallery-item'>\n\t\t\t<dt class='gallery-icon landscape'>\n\t\t\t\t<img loading=\"lazy\" decoding=\"async\" width=\"200\" height=\"65\" src=\"https:\/\/heizungen-klima-sanitaer.de\/page\/wp-content\/uploads\/partners\/logo-daikin.png\" class=\"attachment-medium size-medium\" alt=\"Daikin logo. Klimaanlagen Mallorca\" \/>\n\t\t\t<\/dt><\/dl>\n\t\t\t<br style='clear: both' \/>\n\t\t<\/div>\n\n<div class=\"mom_hr mom_hr_square mom_hr_ mom_hr_medium\" style=\"margin-top:5px;margin-bottom:15px;\"><span class=\"mom_inner_hr\"><i><\/i><\/span><\/div>\n<blockquote><p><span style=\"color: #333300;\">Dies belastet den K\u00f6rper erheblich, denn durch die erh\u00f6hte Verdampfung des Schwei\u00dfes wird bewirkt, dass die W\u00e4rmeabgabe durch das nat\u00fcrliche Atmen der Haut nicht mehr ausreicht. Das Arbeiten wird zur Qual und beeintr\u00e4chtigt die Leistung.<\/span><\/p><\/blockquote>\n<div class=\"clear\" style=\"height:10px;\"><\/div>\n<blockquote><p><span style=\"color: #333300;\">Es ist also wichtig, mit Klimaanlagen ein gutes Raumklima mit angenehmeren Temperatur- und Feuchtigkeitswerten zu erreichen. So wird nicht nur f\u00fcr Ihr Wohlbefinden, sondern auch f\u00fcr eine gesteigerte Leistungskraft gesorgt.<\/span><\/p><\/blockquote>\n<div class=\"clear\" style=\"height:10px;\"><\/div>\n<blockquote class=\"mom_quote \" style=\"font-family:;border-left-color:#b44242; color:#000000; \"><span class=\"quote-arrow\" style=\"border-left-color:#b44242;\"><\/span><\/p>\n<p>Auf Nachfrage bieten wir selbstverst\u00e4ndlich auch andere Systeme an, und w\u00e4gen Vor- und Nachteile ab. Die Entscheidung liegt immer bei Ihnen.<\/p>\n<p><\/blockquote>\n<div class=\"clear\" style=\"height:20px;\"><\/div>\n","protected":false},"excerpt":{"rendered":"<p>limaanlagen und Klimatechnik\u00a0\u2013 Klimager\u00e4te f\u00fcr Boden, Wand und Decke &#8211; damit der\u00a0Sommer ertr\u00e4glich wird! Klimaanlagen schaffen ein gesundes Raumklima.Gerade in den hiesigen Breiten erreichen die sommerlichen Temperaturen ein Ausma\u00df, welches\u00a0Arbeiten, Wohnen und Schlafen zur Herausforderung machen kann. Faktoren wie Raumtemperatur, Luftfeuchtigkeit, Temperaturen der Aussenfl\u00e4chen, Luftbewegung und Luftreinheit beeinflussen das Raumklima. Vor allen Dingen die Luftfeuchtigkeit [&hellip;]<\/p>\n","protected":false},"author":2,"featured_media":0,"parent":0,"menu_order":3,"comment_status":"closed","ping_status":"closed","template":"","meta":{"footnotes":""},"class_list":["post-18","page","type-page","status-publish"],"_links":{"self":[{"href":"https:\/\/heizungen-klima-sanitaer.de\/page\/wp-json\/wp\/v2\/pages\/18","targetHints":{"allow":["GET"]}}],"collection":[{"href":"https:\/\/heizungen-klima-sanitaer.de\/page\/wp-json\/wp\/v2\/pages"}],"about":[{"href":"https:\/\/heizungen-klima-sanitaer.de\/page\/wp-json\/wp\/v2\/types\/page"}],"author":[{"embeddable":true,"href":"https:\/\/heizungen-klima-sanitaer.de\/page\/wp-json\/wp\/v2\/users\/2"}],"replies":[{"embeddable":true,"href":"https:\/\/heizungen-klima-sanitaer.de\/page\/wp-json\/wp\/v2\/comments?post=18"}],"version-history":[{"count":0,"href":"https:\/\/heizungen-klima-sanitaer.de\/page\/wp-json\/wp\/v2\/pages\/18\/revisions"}],"wp:attachment":[{"href":"https:\/\/heizungen-klima-sanitaer.de\/page\/wp-json\/wp\/v2\/media?parent=18"}],"curies":[{"name":"wp","href":"https:\/\/api.w.org\/{rel}","templated":true}]}}

Klimaanlagen &#038; Geräte für Boden, Wand und Decke

<p><a href="https://heizungen-klima-sanitaer.de/page/wp-content/uploads/klima/klimaanlage.jpg"><img loading="lazy" decoding="async" class="aligncenter wp-image-492" src="https://heizungen-klima-sanitaer.de/page/wp-content/uploads/klima/klimaanlage.jpg" alt="klimaanlage" width="562" height="200" srcset="https://heizungen-klima-sanitaer.de/page/wp-content/uploads/klima/klimaanlage.jpg 702w, https://heizungen-klima-sanitaer.de/page/wp-content/uploads/klima/klimaanlage-300x107.jpg 300w" sizes="auto, (max-width: 562px) 100vw, 562px" /></a></p>
<div class="mom_hr mom_hr_square mom_hr_ mom_hr_medium" style="margin-top:5px;margin-bottom:15px;"><span class="mom_inner_hr"><i></i></span></div>
<h4><span class="dropcap _dc" style="color:#b44242;">K</span><em><span style="color: #b44242;">limaanlagen und Klimatechnik</span> – </em><span style="font-size: 14px;">Klimageräte für Boden, Wand und Decke &#8211; damit der Sommer erträglich wird!</span></h4>
<div class="clear" style="height:10px;"></div>
<blockquote><p><span style="color: #333300;">Klimaanlagen schaffen ein gesundes Raumklima.Gerade in den hiesigen Breiten erreichen die sommerlichen Temperaturen ein Ausmaß, welches Arbeiten, Wohnen und Schlafen zur Herausforderung machen kann.</span></p></blockquote>
<div class="clear" style="height:10px;"></div>
<blockquote><p><span style="color: #333300;">Faktoren wie Raumtemperatur, Luftfeuchtigkeit, Temperaturen der Aussenflächen, Luftbewegung und Luftreinheit beeinflussen das Raumklima. Vor allen Dingen die Luftfeuchtigkeit spielt hierbei eine große Rolle.Temperaturen ab 25 Grad und einer Luftfeuchtigkeit von 60 bis 70 Prozent empfinden viele Menschen die Luft als unangenehm schwül.</span></p></blockquote>
<div class="clear" style="height:10px;"></div>
<h3><span style="font-size: 15px; color: #993300;"><span style="color: #333300;"><span class="mom_icona iconb_wrap "style=""><i class="momizat-icon-checkbox-checked mom_icon" style="font-size:16px; color:;"></i></span> Hierfür bieten wir</span> <span style="color: #b44242;"><strong>verschiedene Systeme</strong> </span><span style="color: #333300;">an:</span></span></h3>
<blockquote class="mom_quote " style="font-family:;font-size:15px;border-left-color:#b44242; "></p>
<p><strong>Fan-Coils zur Kühlung, Heizung und Entfeuchtung des Gebäudes mittels Wärmepumpe.</strong></p>
<div class="mom_hr mom_hr_square mom_hr_ mom_hr_medium" style="margin-top:10px;margin-bottom:10px;"><span class="mom_inner_hr"><i></i></span></div>
<p><em><strong>MULTI-SPLIT-GERÄTE, ZUM HEIZEN UND KÜHLEN</strong></em></p>
<div class="clear" style="height:15px;"></div>
<p><strong><em>SINGLE-SPLIT-GERÄTE:</em></strong></p>
<div class="clear" style="height:10px;"></div>
<p>• Kanaleinbaugeräte, • Deckenkassetten, • Truhengeräte, • Wandgeräte</p>
<p></blockquote>
<div class="clear" style="height:15px;"></div>
<h3><span style="font-size: 15px; color: #993300;"><span style="color: #333300;"><span class="mom_icona iconb_wrap "style=""><i class="momizat-icon-checkbox-checked mom_icon" style="font-size:16px; color:;"></i></span> Hierfür</span> <span style="color: #b44242;"><strong>arbeiten wir zusammen</strong> </span><span style="color: #333300;">mit:</span></span></h3>
<div id='gallery-1' class='gallery galleryid-18 gallery-columns-3 gallery-size-medium'><dl class='gallery-item'>
			<dt class='gallery-icon landscape'>
				<img loading="lazy" decoding="async" width="141" height="90" src="https://heizungen-klima-sanitaer.de/page/wp-content/uploads/partners/bes_logo.jpg" class="attachment-medium size-medium" alt="Bes logo. Klimaanlagen Mallorca" srcset="https://heizungen-klima-sanitaer.de/page/wp-content/uploads/partners/bes_logo.jpg 141w, https://heizungen-klima-sanitaer.de/page/wp-content/uploads/partners/bes_logo-120x76.jpg 120w" sizes="auto, (max-width: 141px) 100vw, 141px" />
			</dt></dl><dl class='gallery-item'>
			<dt class='gallery-icon landscape'>
				<img loading="lazy" decoding="async" width="250" height="80" src="https://heizungen-klima-sanitaer.de/page/wp-content/uploads/partners/mitsubishi-logo.png" class="attachment-medium size-medium" alt="Mitsubishi logo. Klimaanlagen Mallorca" />
			</dt></dl><dl class='gallery-item'>
			<dt class='gallery-icon landscape'>
				<img loading="lazy" decoding="async" width="180" height="96" src="https://heizungen-klima-sanitaer.de/page/wp-content/uploads/partners/logo-lg.png" class="attachment-medium size-medium" alt="LG logo. Klimaanlagen auf Mallorca" />
			</dt></dl><br style="clear: both" /><dl class='gallery-item'>
			<dt class='gallery-icon landscape'>
				<img loading="lazy" decoding="async" width="200" height="65" src="https://heizungen-klima-sanitaer.de/page/wp-content/uploads/partners/logo-daikin.png" class="attachment-medium size-medium" alt="Daikin logo. Klimaanlagen Mallorca" />
			</dt></dl>
			<br style='clear: both' />
		</div>

<div class="mom_hr mom_hr_square mom_hr_ mom_hr_medium" style="margin-top:5px;margin-bottom:15px;"><span class="mom_inner_hr"><i></i></span></div>
<blockquote><p><span style="color: #333300;">Dies belastet den Körper erheblich, denn durch die erhöhte Verdampfung des Schweißes wird bewirkt, dass die Wärmeabgabe durch das natürliche Atmen der Haut nicht mehr ausreicht. Das Arbeiten wird zur Qual und beeinträchtigt die Leistung.</span></p></blockquote>
<div class="clear" style="height:10px;"></div>
<blockquote><p><span style="color: #333300;">Es ist also wichtig, mit Klimaanlagen ein gutes Raumklima mit angenehmeren Temperatur- und Feuchtigkeitswerten zu erreichen. So wird nicht nur für Ihr Wohlbefinden, sondern auch für eine gesteigerte Leistungskraft gesorgt.</span></p></blockquote>
<div class="clear" style="height:10px;"></div>
<blockquote class="mom_quote " style="font-family:;border-left-color:#b44242; color:#000000; "><span class="quote-arrow" style="border-left-color:#b44242;"></span></p>
<p>Auf Nachfrage bieten wir selbstverständlich auch andere Systeme an, und wägen Vor- und Nachteile ab. Die Entscheidung liegt immer bei Ihnen.</p>
<p></blockquote>
<div class="clear" style="height:20px;"></div>

<p>limaanlagen und Klimatechnik – Klimageräte für Boden, Wand und Decke &#8211; damit der Sommer erträglich wird! Klimaanlagen schaffen ein gesundes Raumklima.Gerade in den hiesigen Breiten erreichen die sommerlichen Temperaturen ein Ausmaß, welches Arbeiten, Wohnen und Schlafen zur Herausforderung machen kann. Faktoren wie Raumtemperatur, Luftfeuchtigkeit, Temperaturen der Aussenflächen, Luftbewegung und Luftreinheit beeinflussen das Raumklima. Vor allen Dingen die Luftfeuchtigkeit [&hellip;]</p>
